mon factor of 1377396442 and 14572?
7286
What is the greatest common factor of 140448 and 55048?
56
What is the highest common factor of 3250 and 103715690?
130
Calculate the highest common factor of 1807000 and 234.
26
Calculate the highest common factor of 5505 and 4495383.
1101
What is the highest common divisor of 653076 and 22?
2
What is the greatest common divisor of 4990762 and 434?
14
Calculate the highest common factor of 1642916 and 4532.
44
What is the highest common divisor of 74626972 and 1232?
28
Calculate the highest common divisor of 41797616 and 168.
56
What is the highest common divisor of 123211 and 44528?
253
Calculate the highest common factor of 162692 and 13172.
356
What is the highest common factor of 3532700 and 500?
100
Calculate the greatest common factor of 49395 and 517980.
1335
Calculate the greatest common factor of 10550 and 7179908.
422
What is the highest common divisor of 5845515 and 753207?
1209
What is the greatest common factor of 48917 and 166507?
11
Calculate the highest common divisor of 12635 and 41717445.
665
Calculate the greatest common factor of 324 and 289854.
18
What is the greatest common divisor of 2402 and 8266483?
1201
Calculate the highest common divisor of 104036 and 11856748.
3356
What is the greatest common factor of 1196 and 3230948?
92
Calculate the highest common divisor of 103 and 1973399042.
103
Calculate the greatest common factor of 13850755 and 15.
5
What is the highest common factor of 33950582 and 1552?
194
Calculate the greatest common divisor of 1150775 and 83085.
955
Calculate the highest common factor of 840865 and 1505.
215
What is the highest common divisor of 3756 and 48138148?
1252
What is the greatest common divisor of 2807782 and 999?
37
Calculate the highest common divisor of 41192 and 246430.
38
Calculate the greatest common factor of 250667950 and 2470.
2470
What is the highest common factor of 4074 and 19597298?
1358
Calculate the highest common factor of 23824009 and 242.
11
Calculate the highest common factor of 597819 and 55146.
303
Calculate the greatest common factor of 724 and 32729868.
724
Calculate the highest common divisor of 6 and 39145299.
3
Calculate the greatest common factor of 9693088 and 288.
32
Calculate the highest common divisor of 23999095 and 290.
145
What is the highest common factor of 52 and 1360945196?
52
What is the highest common factor of 618195388 and 1132?
1132
Calculate the greatest common factor of 13734 and 393163.
109
Calculate the greatest common factor of 3813 and 155775.
93
What is the greatest common factor of 1701 and 157311?
63
Calculate the greatest common factor of 32358341 and 38099.
1229
Calculate the greatest common factor of 342 and 338258178.
342
What is the greatest common factor of 4 and 4132724?
4
Calculate the greatest common factor of 27940 and 6477889.
1397
What is the highest common divisor of 98 and 416549?
49
What is the highest common divisor of 302 and 33855106?
302
Calculate the greatest common factor of 188 and 808812.
4
What is the highest common divisor of 4717 and 322358?
89
What is the greatest common factor of 8880 and 172171360?
2960
What is the highest common divisor of 166116 and 8437908?
1308
Calculate the highest common factor of 9 and 7800453.
9
Calculate the highest common divisor of 60135 and 1141995.
285
What is the greatest common factor of 12235021 and 562?
281
What is the highest common factor of 59842289 and 104?
13
Calculate the greatest common divisor of 74606 and 71637747.
5329
What is the highest common factor of 580342 and 847?
7
What is the highest common divisor of 4662 and 13861162?
518
What is the highest common factor of 240 and 18072036?
12
Calculate the highest common divisor of 803880 and 12078.
198
Calculate the highest common divisor of 15633605 and 65.
65
Calculate the highest common factor of 276740200 and 2750.
550
Calculate the highest common divisor of 5742087 and 213759.
1131
What is the highest common divisor of 780 and 11902722?
78
What is the highest common factor of 28945 and 585516?
827
What is the highest common divisor of 46365 and 52266?
843
What is the highest common factor of 17129910 and 3225?
645
What is the greatest common divisor of 7047 and 13195899?
783
Calculate the highest common divisor of 17212 and 17810.
26
What is the greatest common divisor of 343086 and 9706?
422
What is the highest common divisor of 51168 and 151700?
164
Calculate the greatest common divisor of 13439683 and 3275.
131
Calculate the highest common factor of 83584909 and 787.
787
Calculate the greatest common divisor of 17091 and 49221.
27
What is the greatest common divisor of 28 and 226146?
2
What is the greatest common divisor of 49866624 and 49632?
4512
Calculate the greatest common factor of 320471130 and 35.
35
What is the greatest common divisor of 771012 and 34574?
118
Calculate the highest common factor of 13167 and 385263.
171
What is the highest common divisor of 4 and 120015476?
4
Calculate the highest common divisor of 3087796 and 644.
92
Calculate the highest common factor of 102 and 4925818.
34
What is the greatest common divisor of 43374208 and 1984?
1984
What is the highest common factor of 4342158 and 372798?
2682
What is the greatest common divisor of 2448655 and 5?
5
What is the greatest common factor of 5120323 and 1729?
13
Calculate the greatest common divisor of 16214 and 9701131.
737
What is the highest common divisor of 66405359 and 5086?
2543
What is the greatest common factor of 3369996 and 4158?
126
What is the highest common factor of 21712 and 1333872?
944
Calculate the greatest common divisor of 83 and 16765751.
83
Calculate the greatest common divisor of 287759 and 1207.
17
What is the highest common divisor of 4321604 and 353192?
3332
Calculate the greatest common divisor of 695145150 and 18.
18
What is the greatest common factor of 56762979 and 4368?
273
What is the greatest common divisor of 4435554 and 2928?
366
What is the highest common factor of 68669370 and 11550?
2310
Calculate the highest common factor of 1284749319 and 327.
327
Calculate the highest common divisor of 44 and 28241125.
11
What is the highest common divisor of 1624359 and 4653?
33
What is the greatest common divisor of 6945966 and 10368?
54
What is the greatest common divisor of 129051945 and 3267?
1089
Calculate the highest common divisor of 1214256 and 667152.
1968
What is the highest common factor of 630524 and 33420?
2228
Calculate the highest common divisor of 104688 and 67765851.
6543
Calculate the highest common divisor of 285 and 299877.
57
What is the greatest common factor of 70746 and 2606214?
78
Calculate the highest common divisor of 307865 and 50585.
335
What is the highest common factor of 958510770 and 210?
210
What is the greatest common divisor of 372 and 24879?
3
Calculate the greatest common divisor of 2360 and 56883080.
2360
What is the highest common factor of 5435648 and 4608?
256
Calculate the greatest common divisor of 454 and 4247397.
227
What is the highest common factor of 35 and 114583?
7
What is the highest common divisor of 3783650 and 350?
50
What is the greatest common factor of 242167 and 3611?
23
Calculate the greatest common divisor of 2907 and 901323.
153
Calculate the greatest common divisor of 548100 and 8431605.
9135
Calculate the greatest common divisor of 69910365 and 105.
105
Calculate the highest common factor of 1466820635 and 147.
49
Calculate the greatest common factor of 218875 and 39625.
125
Calculate the greatest common divisor of 93865760 and 115.
115
Calculate the highest common factor of 3374527033 and 127.
127
Calculate the greatest common factor of 87 and 1800960871.
29
What is the highest common divisor of 293864167 and 541?
541
Calculate the highest common factor of 7719 and 438843161.
2573
Calculate the highest common factor of 428164 and 91524.
1052
Calculate the highest common divisor of 8 and 7578392.
8
What is the greatest common divisor of 7182 and 507870?
1026
What is the highest common divisor of 4641 and 106782?
39
Calculate the highest common divisor of 57654538 and 5996.
2998
What is the greatest common factor of 147 and 36940659?
147
What is the highest common factor of 14496 and 306379?
151
What is 